{"id":288,"date":"2021-12-14T13:23:16","date_gmt":"2021-12-14T13:23:16","guid":{"rendered":"http:\/\/otaisback.cz\/?page_id=288"},"modified":"2021-12-14T13:23:16","modified_gmt":"2021-12-14T13:23:16","slug":"contact","status":"publish","type":"page","link":"https:\/\/www.revib.cz\/?page_id=288","title":{"rendered":"Contact"},"content":{"rendered":"\n<p>Email: <a href=\"mailto:info@revib.cz\">info@revib.cz<\/a><\/p>\n\n\n\n<p>tel.+420 602723012 &#8211; Petr \u010cerb\u00e1k<\/p>\n\n\n\n<p>tel.+420 608751131 &#8211; Petr Salinger<\/p>\n\n\n\n<p>I\u010cO: 08010111<\/p>\n\n\n\n<p>DI\u010c: CZ08010111<\/p>\n\n\n\n<p><strong>Address:<\/strong><\/p>\n\n\n\n<p>REVIB s.r.o.<\/p>\n\n\n\n<p>V&nbsp;Z\u00e1ti\u0161\u00ed 810\/1<\/p>\n\n\n\n<p>Ostrava-Mar.Hory 709 00<\/p>\n\n\n\n<p>Czech Republic<\/p>\n\n\n\n<p>The company is registered in the Commercial Register maintained by<br>Regional Court in Ostrava, Section C, Insert 78029<\/p>\n","protected":false},"excerpt":{"rendered":"<p>Email: info@revib.cz tel.+420 602723012 &#8211; Petr \u010cerb\u00e1k tel.+420 608751131 &#8211; Petr Salinger I\u010cO: 08010111 DI\u010c: CZ08010111 Address: REVIB s.r.o. V&nbsp;Z\u00e1ti\u0161\u00ed 810\/1 Ostrava-Mar.Hory 709 00 Czech Republic The company is registered in the Commercial Register maintained byRegional Court in Ostrava, Section C, Insert 78029<\/p>\n","protected":false},"author":1,"featured_media":0,"parent":0,"menu_order":0,"comment_status":"closed","ping_status":"closed","template":"","meta":{"footnotes":""},"class_list":["post-288","page","type-page","status-publish","hentry"],"_links":{"self":[{"href":"https:\/\/www.revib.cz\/index.php?rest_route=\/wp\/v2\/pages\/288","targetHints":{"allow":["GET"]}}],"collection":[{"href":"https:\/\/www.revib.cz\/index.php?rest_route=\/wp\/v2\/pages"}],"about":[{"href":"https:\/\/www.revib.cz\/index.php?rest_route=\/wp\/v2\/types\/page"}],"author":[{"embeddable":true,"href":"https:\/\/www.revib.cz\/index.php?rest_route=\/wp\/v2\/users\/1"}],"replies":[{"embeddable":true,"href":"https:\/\/www.revib.cz\/index.php?rest_route=%2Fwp%2Fv2%2Fcomments&post=288"}],"version-history":[{"count":0,"href":"https:\/\/www.revib.cz\/index.php?rest_route=\/wp\/v2\/pages\/288\/revisions"}],"wp:attachment":[{"href":"https:\/\/www.revib.cz\/index.php?rest_route=%2Fwp%2Fv2%2Fmedia&parent=288"}],"curies":[{"name":"wp","href":"https:\/\/api.w.org\/{rel}","templated":true}]}}